+ 5*q - o = 0. Calculate the remainder when p is divided by 59.
50
Let p = -29 - -52. Let f = 14 - p. What is the remainder when 69 is divided by 40/3 - (30/f)/5?
13
Suppose 57*k = 5*n + 56*k - 10871, 2*n = -2*k + 4358. Calculate the remainder when n is divided by 99.
96
Suppose 24*r = -3*s + 21*r - 3, -2*r - 26 = -4*s. Suppose 0 = 5*z - 24 - 46. Let x = 33 - z. What is the remainder when x is divided by s?
3
Suppose y + 16 = -14. Let l(r) = -17*r**2 + 36*r - 14. Calculate the remainder when 1/(0 + (-2)/y) is divided by l(1).
0
Let q(x) = -305*x**3 - 2*x**2 - 3*x - 2. What is the remainder when q(-1) is divided by 2?
0
Suppose -2*d + 93 = 4*c + 277, -2*d = -2*c - 86. Calculate the remainder when 51 is divided by (c/30)/((-1)/18).
24
Let x = -239 - -295. Suppose -4*g = 2*t - 3 + 11, 4*t + 4*g = 4. Calculate the remainder when x is divided by 2 + ((-46)/t)/(11/(-33)).
6
Let n = 5252 + -5219. Calculate the remainder when 1315 is divided by n.
28
Let r = 61682 + -61671. Calculate the remainder when ((-28)/(-3))/(3/45) is divided by r.
8
Suppose 0 = -5*x + 401 - 396, 0 = -5*v - 5*x + 6690. Calculate the remainder when v is divided by 264.
17
Suppose 38*i + 10572 = 8*i + 64452. Calculate the remainder when i is divided by 72.
68
Let r = 689 + -474. Let c = 272 - r. What is the remainder when c is divided by 30?
27
Let x = 153 - 29. Let f = -99 + x. Calculate the remainder when 70 is divided by f.
20
Let i(x) = x**2 + 17*x + 22. Let f(w) = w**2 - 15*w + 20. Let z be f(12). Let d be i(z). Calculate the remainder when 20 is divided by 2/(-2) + (d - -2).
6
Let k = 15 + -15. Suppose -5*o - 4*z - 22 = k, 5*o + 4 = 3*z - z. Calculate the remainder when 19 is divided by 6*(0 + o)/(-2).
1
Calculate the remainder when -10 + (8/(-5) - 359982/(-70)) is divided by 12.
7
Let p = 320 + -313. Suppose 3*r + 5*g + 3 = 2, -2*g = -r + 7. Suppose p*w - 71 = r*w + l, 2*l = 4*w - 74. What is the remainder when w is divided by 6?
5
Let j = -2602 - -3264. Calculate the remainder when j is divided by 39.
38
Suppose 3*k - 16*p - 41 = -15*p, p = 4*k - 55. Calculate the remainder when 2602 is divided by k.
12
Let v(n) = -9*n**3 + n**2 + 24. What is the remainder when 470 is divided by v(0)?
14
Let q(i) = 4*i - 46. Let h be q(10). Calculate the remainder when 2/3 - (-31)/3 is divided by 0 + (-20)/h + 4/(-12).
2
Suppose 4*w - 9*w + 90 = 0. Suppose 0 = 4*m + 74 + w. Let s = m + 58. What is the remainder when s is divided by 18?
17
Suppose -5*u + 28 = 2*u. Suppose u*j = -3*y + y - 32, 0 = -3*j + 9. What is the remainder when 49 is divided by 0 - 4 - (y + 1)?
15
Let s(v) = 4*v**2 + 8*v + 9. Let o be s(-3). Let h(f) = -f**2 + 22*f + 1. Let t be h(o). Suppose 0 = z - 81 + t. What is the remainder when z is divided by 10?
9
Let m(v) = 36*v + 1319. Calculate the remainder when m(-11) is divided by 78.
65
Let s(t) = -3*t**2 + 47*t - 49. Calculate the remainder when s(7) is divided by 7.
0
Let o = 10717 + -10479. What is the remainder when o is divided by 173?
65
Suppose -3*z + 5*w + 17 = 0, -5*w + 14 = 19. Suppose -z*j = 2*y - 1862, -j - 2*y - 1407 = -4*j. Calculate the remainder when j is divided by 47.
44
Suppose -2*v - 86*s + 722 = -82*s, -2*s = -5*v + 1781. What is the remainder when v is divided by 8?
5
Suppose 2*x + 2*m - 14 = 0, -1 + 7 = -3*m. Let l be 102/(-27) + (-4)/18. Calculate the remainder when (24 - (-2 + -1)) + l is divided by x.
5
Suppose -2552*r - 2405 = -2565*r. Calculate the remainder when 33484 is divided by r.
184
Let s(k) = 8*k**2 - 153*k - 1079. What is the remainder when 1657 is divided by s(-6)?
6
Let h = -69 + 68. Let n(z) = 11*z + 5. Let j be n(h). Let i(b) = -b**3 - 6*b**2 - 2*b + 5. Calculate the remainder when i(j) is divided by 3.
2
Suppose -3*a - 2*g + 533 = 0, a - 171 = 2*g + 12. Let t = a + -157. Calculate the remainder when (-16)/(-12)*(81 - 0) is divided by t.
20
Let h(l) = 17*l + 25. Let u(d) = 3*d**2 + d - 11. What is the remainder when h(5) is divided by u(3)?
15
Let q(j) = -5*j + 6. Let u be q(-2). Suppose 4*f + o = -0*o - u, 4*o + 20 = -5*f. Calculate the remainder when (4 - 4 - -2)/(f/(-128)) is divided by 17.
13
Calculate the remainder when (14/(-196) - 276/56)/(3/(-78)) is divided by 67.
63
Suppose 13 = 4*x + 1. Suppose -3*m = -b + 34 + 126, 0 = -x*b + 2*m + 501. What is the remainder when b is divided by 86?
83
Let h be (2163/(-14))/((-18)/48). Suppose -18*u = -14*u - h. Calculate the remainder when u is divided by (10/6)/(2/42).
33
Let g = -133 - 107. Let y = 272 + g. Calculate the remainder when 34 is divided by y.
2
What is the remainder when ((-410916)/55)/(-6) + (4/5)/(-4) is divided by 32?
29
Suppose -117*f = -14*f - 2266. Calculate the remainder when 77 is divided by f.
11
Suppose 0 = -108*m - 99*m + 68*m + 23213. What is the remainder when m is divided by 44?
35
Let s = -2 + 26. Suppose -2*u + 6 = 4*j - 6*j, 4*j + 6 = 3*u. Calculate the remainder when s is divided by u.
0
Let l(r) = -r**2 + 15*r - 19. Let q be l(13). Suppose -8*h = -q*h - 10. Calculate the remainder when 24 is divided by h.
4
Let x = 2495 - 1476. What is the remainder when x is divided by 64?
59
Suppose -10*c + 15 = -9*c. Suppose c*g - 592 = 578. Suppose -7*q + q + g = 0. What is the remainder when q is divided by 3?
1
Suppose 15*z - 2*s - 47 - 358 = 0, 0 = 4*s - 3*s. What is the remainder when 160 is divided by z?
25
Calculate the remainder when (18 - (-9 + 21))/(3/159) is divided by 71.
34
Suppose 5*q = -2*z - 2930, -1747 = 10*q - 7*q - z. Let y = q - -595. What is the remainder when 100 is divided by y?
1
Let w be (-2 + -4)*1*-1. Let k be 114/18 - 2/w. Suppose 4*b + 164 = k*b. Calculate the remainder when b is divided by 12.
10
Suppose -i - 37 = -6*i + 4*x, 3*i - 4*x - 19 = 0. What is the remainder when (-57 + -9 + 7)*(2 - i) is divided by 69?
68
Suppose -3 = 4*a + 3*v, 5*a = -3*v + v - 2. Let p(y) = -454*y + 26810. What is the remainder when p(59) is divided by -1 + -2*(-7 - a)?
11
Suppose -17088*y = -17096*y + 1432. Calculate the remainder when 334 is divided by y.
155
Suppose 0 = 19*k - 1462 - 1426. Let u = 263 + k. Calculate the remainder when u is divided by 26.
25
What is the remainder when 4640 is divided by (-3162)/(-15) + (1520/475 - (2 + 1))?
209
Let n be 5*(118/70 + 4/(-14)). Let w(h) = h**2 - 6*h - 11. Let x be w(n). Calculate the remainder when 1/x - (-1827)/12 is divided by 31.
28
Let q = -12508 + 12656. What is the remainder when q is divided by 45?
13
Let s = 7256 + -7249. What is the remainder when 80 is divided by s?
3
Suppose 0 = -3*u + 4 + 2. Suppose -u*y - 8 = -6*y. Suppose 0 = 5*k - y*k + 6, -24 = -s + 5*k. Calculate the remainder when 37 is divided by s.
9
Let v = 513 - 503. Suppose -v*s + 17*s = 168. Calculate the remainder when 47 is divided by s.
23
Suppose 2 = 3*j + 11, 0 = 2*z - 3*j - 707. Let d = z + -305. Calculate the remainder when 127 is divided by d.
39
Suppose -23*i + 173 = 58. Suppose i*w - 161 = -3*f, 6*w - w = f + 153. Calculate the remainder when 110 is divided by w.
17
Let u(y) = -10*y - 37. Let a be u(-12). Let z = -33 - a. Let x = z - -141. Calculate the remainder when 94 is divided by x.
19
Let x(f) = 33*f + 541. Calculate the remainder when x(5) is divided by 55.
46
Let x = 8012 + -8025. Let g(m) = -m**2 - 10*m - 3. Let i be g(-6). Let t = x + i. What is the remainder when 21 is divided by t?
5
Suppose 4*i - 2451 = -31*c + 26*c, 3*i + 3*c - 1836 = 0. Let x = i + -567. Calculate the remainder when 81 is divided by x.
39
Suppose -21 = -6*r - r. Let k(u) = 17*u - 11 + 28*u**2 - 1 - u**r - 21*u**2. What is the remainder when k(8) is divided by 16?
12
Suppose -3*v = t - 75, 0 = 5*t - v - 313 - 142. Suppose t = 6*r - r. Calculate the remainder when r is divided by (20/14)/((-2)/(-14)).
8
Suppose 4*f - 104 = -4*t, -5*f - 3*t + 69 = -69. Suppose -45 = -2*n + 271. Suppose -d = -n + 9. What is the remainder when d is divided by f?
29
Suppose 347*u + 252 = 343*u. What is the remainder when 12/10*210/u - -185 is divided by 23?
20
Calculate the remainder when -69*11/22*9/(36/(-16)) is divided by 30.
18
Let y = 47 - 12. Let x = y - 30. Suppose 0 = 4*a - 5*l - 63, -2*l = -3*a - x*l + 27. Calculate the remainder when 45 is divided by a.
9
What is the remainder when 1125 is divided by (43/(-5) + 195/39)/((-2)/25)?
0
Suppose 34*o - 36